54854*t**3 + 1 + 5*t. Let u(w) = i*y(w) - 3*g(w). What is u(6)?
5
Let d = 15134 + -15065. Let x(q) = -q**3 + 70*q**2 - 62*q - 483. Determine x(d).
0
Let t(o) = 2 - 5 + 1 - o**2 + 3 - 3*o. Let d be t(-4). Let q(r) = 4*r + 4. Calculate q(d).
-8
Let m(f) = -f - 4 + f**2 + 7 - 2. Let h(t) = -6*t**2 + 15*t - 16. Let o = -23 + 22. Let q(v) = o*h(v) - 5*m(v). Determine q(8).
-5
Suppose 0 = 8*o - 6*o - 8. Suppose 4*c + 0 = -4*y + o, c - 16 = 4*y. Let f(k) = -15*k + 40*k - 11*k + 7*k**2 - 15*k - 8*k**2. Calculate f(y).
-6
Let c(x) = -4*x**2 + 5*x. Let d be c(-3). Let y = -46 - d. Suppose -y*o - 7 = 2*w, 3*o + 3 = 2*w + 2. Let k(l) = -l**2. Give k(w).
-1
Let m(w) = w**3 - 5*w**2 + 14*w + 11. Let h(k) = -k**3 + 6*k**2 - 18*k - 13. Let x(b) = 8*h(b) + 10*m(b). Calculate x(3).
30
Let d(v) = v**2 + 41*v + 242. Let y be d(-34). Suppose -9 = 4*o - 1, 3*c - o = -4. Let b be 3 + (-1)/c*y. Let n(p) = -p**2 + 6*p + 5. Give n(b).
10
Suppose 27*k = -126 + 1422. Suppose t - 2*l = 15, 3*t + 3 = -4*l + k. Let i(m) = m**2 - 16*m - 3. Calculate i(t).
-18
Suppose -15*j - 93*j = -108. Let m(c) = -9*c**3 - c**2 + 3*c - 2. Determine m(j).
-9
Let s(p) be the second derivative of p**7/840 - p**6/90 + p**5/40 - p**4/12 + p**3/3 + 5*p**2 + 73*p. Let r(w) be the second derivative of s(w). Give r(3).
-2
Let r(m) = -52*m**3 - 6*m**2 + 17*m + 11. Let q(n) = -37*n**3 - 4*n**2 + 12*n + 8. Let a(s) = 7*q(s) - 5*r(s). What is a(0)?
1
Let b(q) = 3*q**2 - 22*q - 20. Suppose 5*n + 20 = 0, -291*w + 287*w = 4*n - 16. What is b(w)?
-4
Let x(z) be the third derivative of -11*z**4/24 + 17*z**3/3 - 2078*z**2. Give x(7).
-43
Let h(f) = 3*f + 21. Let b(n) = 3*n - 272. Let i(k) = -b(k) - 6*h(k). Calculate i(6).
20
Let c be -84*10/(-40) - 21. Let n(y) be the second derivative of 3/2*y**2 + 1/3*y**3 + c + 12*y. Calculate n(-3).
-3
Let l(t) = -7*t**3 - 9*t**2 + 133*t - 15. Let q(h) = 20*h**3 + 27*h**2 - 377*h + 46. Let f(g) = -17*l(g) - 6*q(g). What is f(-8)?
-93
Suppose -o - k = -5, 3*k - 4*k = -3*o - 1. Let x(i) = 14 + 13 - 16 - 6*i - i**2 - o. What is x(-8)?
-6
Let i(b) = 3*b + 37. Let v(z) = z**3 + 19*z**2 - 54*z + 269. Let s be v(-22). Give i(s).
52
Let x(j) = 1 + 3*j - 15*j**2 + 11*j + 19*j**2 - 11*j. Suppose -4*o + 2 = g, 2*g + 5*o + 5 = 6*o. Determine x(g).
11
Let w(f) be the first derivative of f**4/24 + f**3/3 - f**2 - 22*f + 71. Let o(j) be the second derivative of w(j). Calculate o(0).
2
Let s(y) be the second derivative of 8*y**3/3 - 13*y**2 + y + 17. Let w(q) = -14*q + 24. Let f(a) = 5*s(a) + 6*w(a). What is f(3)?
2
Let u(v) = -v + 5. Let p(g) = -3*g + 10. Let a(y) = -2*p(y) + 5*u(y). Suppose 5*h = 2*k - 40, 7*k = h + 5*k + 8. Calculate a(h).
-3
Let x(a) be the third derivative of -3/8*a**4 - 11/60*a**5 + 0 + 0*a - 5*a**2 - 1/120*a**6 + 4/3*a**3. Suppose -8*n + 3*n = 50. What is x(n)?
-2
Let q(n) = -3387*n**2 + n - 4 + 1125*n**2 + 1129*n**2 + 3 + 1132*n**2. Let j = 28 - 25. Calculate q(j).
-7
Let a(g) be the first derivative of g**2 + 13*g - 13. Suppose -192 + 18 = 29*h. Determine a(h).
1
Let v = -13 - -18. Let f(m) = -355 - 325 - 353 - 355 - m**2 + 1381 + 7*m. Give f(v).
3
Let o be 2/((-7419)/(-1059) + -7). Let k = o - 356. Let w(q) be the first derivative of q**3/3 + 2*q**2 - 2. Give w(k).
-3
Let c(q) = -1578*q - 1574*q - 12 + 3163*q + 95. Give c(-6).
17
Let x(k) = -k**2 + 5*k + 45. Suppose -3*w + 4*o + 213 - 201 = 0, -3*w = 5*o - 39. Determine x(w).
21
Let r be ((-30)/(-8))/((-24)/64). Let v(z) = -z**3 - 9*z**2 + 13*z + 24. Let y be v(r). Let q(p) = p**2 + 7*p - 2. What is q(y)?
-8
Let n(v) = 3*v + 3*v**3 - 5*v - 4*v**2 - 3 + 5*v**2. Let h(u) = 42 + u**3 + 2*u**2 - 10*u**2 + 16 - 146*u + 148*u. Let p be h(6). Calculate n(p).
-19
Let a(y) = 6*y**2 + 3*y - 4. Let l(t) = 5*t**2 + 3*t - 3. Let v(q) = -a(q) + l(q). Let g = 7 - 7. Suppose 4*x - 10 = m, g*x = -2*x - 2*m. What is v(x)?
-3
Let h(a) = a**2 - a - 1. Suppose -4*z = -2*f - 1088, -3*z + 40*f = 37*f - 819. Let d = z + -273. Calculate h(d).
5
Let f(k) = 3*k + 20. Let c be f(-6). Let t(q) = -q**c - 2*q**2 + 2*q**2 + 5*q - 1 + 0. Give t(3).
5
Let t be 3*8/(-24)*-3. Let r be (3/(-5 + 8) + -1)/t. Let a(w) = -w**3 - w**2 + 6. What is a(r)?
6
Let a be ((-2)/4*(1 + 1))/(11/(-66)). Let h(p) = p**2 + 8*p - 14. Determine h(a).
70
Let y(t) be the second derivative of t**5/120 - t**4/3 + 24*t**3 - 58*t. Let b(a) be the second derivative of y(a). Determine b(2).
-6
Let c(n) = 578 - 1189 + 613 + 2*n. What is c(-3)?
-4
Let y(n) = -282 - 292 + 4*n + 560. Give y(0).
-14
Let y(b) = 14*b**3 - 5*b**2 + 3*b - 8. Let n(q) = 5*q**3 - 2*q**2 + q - 3. Let p(a) = 11*n(a) - 4*y(a). Let f be ((-513)/(-18))/19*-2. What is p(f)?
11
Let k(r) = -121*r**3 + 21*r**2 - 5*r + 11. Suppose -36*t + 55 = -31*t. Let w(o) = 24*o**3 - 4*o**2 + o - 2. Let b(l) = t*w(l) + 2*k(l). Determine b(1).
21
Let c(l) = -3*l**2 + 5*l - 6248528 + 6248534 - l. Calculate c(0).
6
Let h(u) = -45*u**2 + 81*u + 2. Let d(q) = 23*q**2 - 35*q - 1. Let g(k) = -7*d(k) - 3*h(k). Calculate g(-2).
-107
Suppose -1334 = 257*r - 33*r - 214. Let f(n) = -n**3 - 4*n**2 + 3*n - 14. Determine f(r).
-4
Let d(i) = -3*i**3 + i**2 + 2*i - 1. Let x = 115 + -122. Let q(r) = -8*r - 54. Let j be q(x). Determine d(j).
-17
Let y(v) = v + 48. Let g(b) = b + 36. Let p(m) = -4*g(m) + 3*y(m). Let h(j) = -2*j + 3. Let t be h(8). Calculate p(t).
13
Let l(q) = 3*q + 2*q - 12706*q**3 - 7*q**2 - 3*q + 10 + 12705*q**3. Determine l(-7).
-4
Let g(y) = y**2 - 2*y + 27. Let q be g(6). Let c(o) = o**2 + 8*o + 57 - q + 0*o**2. Determine c(-7).
-1
Let t(k) = 37 + 0*k - 8 + 3*k - 7 - 19. Calculate t(1).
6
Suppose -47*i - 52 = -287. Let f(r) = -r**2 + 4*r - 1. Calculate f(i).
-6
Let c be ((-11 + 3)*15/(-20))/(-1). Let q(m) = 6*m**3 + 7*m**2 + 2*m + 9. Let w(k) = 7*k**3 + 7*k**2 + k + 10. Let r(f) = 6*q(f) - 5*w(f). Give r(c).
-2
Let r(d) = d**3 - 8*d**2 - 9*d + 3. Let z be r(9). Let c(t) be the second derivative of -t**4/12 + 5*t**3/6 - t**2 + t + 2744. Determine c(z).
4
Let d(f) = 27 + 30 + 25*f - 33*f - 201*f + 0. Let q be (4/(-6))/(4/(-24)). Let h(k) = -15*k + 4. Let t(o) = q*d(o) - 57*h(o). Give t(-1).
-19
Let w be 46/12 - (-6)/(-180)*-5. Let i(y) = -y. Let r(t) = -5*t - 5. Let s(j) = -2*j - 13. Let p be s(-6). Let k(a) = p*r(a) + 6*i(a). Calculate k(w).
1
Let p(u) be the second derivative of 1/6*u**3 - 1/6*u**4 + 6*u + 0 + 1/4*u**5 + 0*u**2. Let k = -6 + 7. Calculate p(k).
4
Let b(a) = -a**2 - 8*a + 9. Suppose 0 = -3*y + 2*o + 25, -25 = -y - y + 3*o. Let u be ((-4)/12)/(y/135). Let d be b(u). Let v(n) = n**2 - 4. Give v(d).
-4
Let b(z) = -z**3 + 14*z**2 - 29*z + 415. Let t be b(14). Let q(k) be the first derivative of -1/2*k**2 + 2*k + 1. Determine q(t).
-7
Let x(b) = 3*b**2 - 13*b + 3. Let m be (-286)/(-58) + (-4)/(-58). Let q(r) = 7*r**2 - 26*r + 8. Let a(c) = m*x(c) - 2*q(c). What is a(13)?
-1
Suppose -13*x = -48*x + 8645. Let n(d) = -71*d + 73*d + 254 - x. Let m = -4 - 2. Give n(m).
-5
Let v(q) = -q**3 + q**2 - q + 2. Let x(p) = -2*p**3 + 12*p**2 - 4*p - 18. Let a be x(5). Suppose -75 = 3*h - 8*h. Let y = h - a. What is v(y)?
-19
Let l(k) be the first derivative of -2*k**2 - 122*k + 2097. What is l(-31)?
2
Let r be 46/11 + (-20)/110. Let j(i) = 124*i - 249*i + 128*i + r. Let c = -7 - -1. Determine j(c).
-14
Let k = 2483 + -2492. Let a(t) = -t**2 - 4*t + 38. Calculate a(k).
-7
Let r(a) = 23 + 71*a - 73*a - 4 + 18 + 6. Determine r(13).
17
Let b(s) = 2*s - 74. Let o = -28095 + 28132. Give b(o).
0
Let x(c) be the first derivative of -c**3 + 15*c**2/2 - 3*c - 1206. Calculate x(6).
-21
Let l = -1599 - -1601. Let d(z) = -z**3 - 3*z + 29 - 26 + 2*z**3 - 2*z**2. Determine d(l).
-3
Let v(h) be the third derivative of -h**5/60 - 7*h**4/8 + 831*h**2. Calculate v(-21).
0
Suppose 10*r + 34*r = -507 + 1871. Let o(z) = 3*z - 106. What is o(r)?
-13
Let q(x) be the third derivative of -x**5/60 - 2*x**4/3 + 25*x**3/2 + 30*x**2 + 4. What is q(-20)?
-5
Let a(q) be the first derivative of -7*q**4/12 - q**3/3 - 59*q**2/2 - 32. Let d(p) be the second derivative of a(p). What is d(-2)?
26
Let t(m) = -22*m + 453. Let h be t(21). Let l(z) = z**2 - 1. Let u(q) = 6*q**2 + 10*q + 8. Let b(w) = -5*l(w) + u(w). Calculate b(h).
4
Let j(w) = 9*w - 66. Let c = 5536 - 5531. Give j(c).
-21
Suppose -10 = -5*g - 0*g. Let t(x) = 156*x**3 - 157*x**3 + 0*x**2 + 4*x*